
-171
In base 6, what is 1 + -111?
-110
In base 6, what is -25 + -3?
-32
In base 4, what is 11 - 12?
-1
In base 10, what is 14828 - -4?
14832
In base 2, what is 110110 - 11001011?
-10010101
In base 6, what is 34 + 5?
43
In base 11, what is -246 - 0?
-246
In base 10, what is 2 - 8?
-6
In base 7, what is 3 - -140?
143
In base 6, what is 2 + -135?
-133
In base 10, what is 991 - -1?
992
In base 7, what is 66 + -1142?
-1043
In base 11, what is -167 + 2?
-165
In base 11, what is 104 - 4?
100
In base 11, what is 118 + 1?
119
In base 7, what is 265 + 50?
345
In base 2, what is 111001100 + 111?
111010011
In base 8, what is -3 - 232?
-235
In base 12, what is -544 - 5?
-549
In base 2, what is -10 - -11011001?
11010111
In base 3, what is -2 - -1100?
1021
In base 13, what is -3 - 52?
-55
In base 12, what is 5 - -68?
71
In base 4, what is 10321 - -11?
10332
In base 12, what is -2 - 26?
-28
In base 5, what is 213 + 0?
213
In base 4, what is 3 - 110221?
-110212
In base 9, what is -1417 - 4?
-1422
In base 3, what is 1 + -20002100?
-20002022
In base 5, what is -13213 - 2?
-13220
In base 12, what is -a - -60?
52
In base 7, what is -222 + -156?
-411
In base 13, what is -3b71 - 1?
-3b72
In base 15, what is -7d + 3?
-7a
In base 15, what is -2 + -252?
-254
In base 12, what is a + -21?
-13
In base 8, what is 3221 + 1?
3222
In base 12, what is -1b4 + -3?
-1b7
In base 6, what is 40 + -1?
35
In base 11, what is 2660 + -2?
2659
In base 6, what is 231 - -1105?
1340
In base 5, what is 1303 - 1134?
114
In base 15, what is -3 + -1047?
-104a
In base 11, what is -1798 - 1?
-1799
In base 5, what is -10 + -203004?
-203014
In base 7, what is -5 + -4230?
-4235
In base 4, what is 1000 + 1000?
2000
In base 15, what is 4 - 865?
-861
In base 12, what is -297 + 1?
-296
In base 15, what is -8b + -5?
-91
In base 5, what is 1334040 + 2?
1334042
In base 8, what is -22 - -3?
-17
In base 14, what is -27a + 1?
-279
In base 15, what is -41 + 6?
-3a
In base 13, what is -314 + -3?
-317
In base 2, what is 11100101 + -1000000?
10100101
In base 9, what is 3 - -1050?
1053
In base 5, what is -43 - -101?
3
In base 14, what is -2 - 15?
-17
In base 8, what is -10264 + 0?
-10264
In base 5, what is -1 - -131?
130
In base 3, what is 10022122 + 2?
10022201
In base 16, what is 5 - 158?
-153
In base 11, what is 82 - -2?
84
In base 8, what is 7 + -222?
-213
In base 6, what is 3 - 115?
-112
In base 16, what is 34 + 2?
36
In base 5, what is 4210 + 1?
4211
In base 9, what is 26187 + -2?
26185
In base 2, what is -100 + 10001?
1101
In base 3, what is -1 + -2?
-10
In base 3, what is 1 + -10011?
-10010
In base 10, what is 4 - -201?
205
In base 7, what is -533 - -1?
-532
In base 9, what is 300 - -3?
303
In base 10, what is 15 + 6?
21
In base 12, what is -619 + 1?
-618
In base 8, what is -3 + -346?
-351
In base 6, what is -302 + -1?
-303
In base 16, what is -7 - -16?
f
In base 7, what is 21 + 2?
23
In base 9, what is 18281 - 2?
18278
In base 12, what is -5 + 23a?
235
In base 10, what is -1047 + -1?
-1048
In base 5, what is 1112 + 3?
1120
In base 8, what is 6272 - -5?
6277
In base 2, what is -1010 - 1010?
-10100
In base 10, what is 18 - -14?
32
In base 11, what is 26 + -4?
22
In base 7, what is -1 - -3426?
3425
In base 13, what is -4 - 4a?
-51
In base 7, what is -2 - 43?
-45
In base 4, what is -11 - 232?
-303
In base 15, what is -a + -bb?
-c6
In base 16, what is 1 + -1?
0
In base 3, what is 1 + 1?
2
In base 6, what is 2 + -235?
-233
In base 11, what is 17 + -a0?
-84
In base 5, what is -12023 + 10?
-12013
In base 11, what is 401 + 3?
404
In base 14, what is -1 + -24?
-25
In base 14, what is 5 + -1b?
-16
In base 7, what is -324 + 6?
-315
In base 11, what is 12a - -51?
180
In base 15, what is -65 + 2?
-63
In base 9, what is 6446 + -4?
6442
In base 8, what is -5 - 42?
-47
In base 2, what is 10 + 1011000100?
1011000110
In base 10, what is 232 + 5?
237
In base 6, what is 3 - 1325?
-1322
In base 7, what is -13 + -3234?
-3250
In base 9, what is -21 + -14?
-35
In base 7, what is -56 + 6?
-50
In base 6, what is -15 - 334?
-353
In base 13, what is 2 + -b?
-9
In base 13, what is -36aa + 1?
-36a9
In base 13, what is -a0 + 1?
-9c
In base 3, what is -22220 - 1?
-22221
In base 8, what is -366 - -5?
-361
In base 15, what is -4 - -336?
332
In base 4, what is 221 - -221?
1102
In base 9, what is 100 + 3?
103
In base 6, what is 13202 + -20?
13142
In base 8, what is 3 + -136?
-133
In base 2, what is 0 + 101?
101
In base 16, what is -59 + 1?
-58
In base 6, what is 34 - 302?
-224
In base 14, what is -1ba - 2?
-1bc
In base 5, what is -1212 + -11?
-1223
In base 2, what is -100 + 111110100?
111110000
In base 16, what is 3 + -3c2?
-3bf
In base 3, what is -212121222 + 11?
-212121211
In base 5, what is -23034 + 13?
-23021
In base 10, what is -70 + -7?
-77
In base 15, what is 11 - -a?
1b
In base 5, what is 10 - -432?
442
In base 12, what is -1 - 2a2?
-2a3
In base 2, what is -10000 - 111110110?
-1000000110
In base 4, what is 32 + 2322?
3020
In base 13, what is -1 - 24?
-25
In base 12, what is -101 + 0?
-101
In base 7, what is -465 - 1?
-466
In base 9, what is 5 - -20?
25
In base 5, what is -14113 + 24?
-14034
In base 5, what is 122 + 101?
223
In base 16, what is 1 - 8b9?
-8b8
In base 2, what is -101 - 1110100100?
-1110101001
In base 15, what is 1 + 50?
51
In base 8, what is -1 - -161?
160
In base 3, what is -10001 - 22?
-10100
In base 6, what is -2 + 133?
131
In base 11, what is -5 + 2999?
2994
In base 13, what is 4 + -33?
-2c
In base 5, what is 31 + -2022?
-1441
In base 12, what is a52 - 3?
a4b
In base 4, what is 3 - -11?
20
In base 15, what is 4 - 9c5?
-9c1
In base 10, what is -531 + -5?
-536
In base 5, what is 430 - 3?
422
In base 8, what is 1724 - 3?
1721
In base 6, what is -43 + -1535?
-2022
In base 13, what is -5 + 72?
6a
In base 13, what is -4 + -301?
-305
In base 2, what is -11111111010 + 101?
-11111110101
In base 12, what is 64 + 19?
81
In base 14, what is 1 + -69?
-68
In base 3, what is -1012 + 21212?
20200
In base 13, what is -3 + 20?
1a
In base 13, what is -5 - 262?
-267
In base 9, what is -2023 + 3?
-2020
In base 7, what is 13510 + -11?
13466
In base 3, what is 12 - 120?
-101
In base 12, what is -1 - -7?
6
In base 4, what is -22 - 30001?
-30023
In base 9, what is -1176 + -14?
-1201
In base 13, what is 4 + -2?
2
In base 16, what is 2 + -4be?
-4bc
In base 2, what is -1 - -110010011010?
110010011001
In base 6, what is -23 + 24?
1
In base 11, what is -8650 + 4?
-8647
In base 7, what is -235 - 0?
-235
In base 4, what is -2 + -132?
-200
In base 13, what is 4b + 5?
53
In base 5, what is -1 + -33323?
-33324
In base 16, what is -5 + -a?
-f
In base 2, what is 0 - -111110?
111110
In base 13, what is -68 - 1b2?
-24a
In base 7, what is 1 - 2306?
-2305
In base 7, what is -3 - 5?
-11
In base 7, what is 2015 + -5?
2010
In base 13, what is -10 - -4?
-9
In base 14, what is -2 + -10?
-12
In base 5, what is 1 + -423?
-422
In base 4, what is 2011 + -2?
2003
In base 15, what is -a7 - 1?
-a8
In base 5, what is -414 + 314?
-100
In base 3, what is -12 - -210122?
210110
In base 10, what is 375 + 9?
384
In base 8, what is 62745 + 2?
62747
In base 9, what is 21 - 45?
-24
In base 9, what is -42 - 31?
-73
In base 2, what is 11100 - 101?
10111
In base 4, what is -2332 - 132?
-3130
In base 12, what is 38 + 13?
4b
In base 2, what is -10100000111 + -1000?
-10100001111
In base 7, what is -40 - 5?
-45
In base 2, what is 1110001101111001 - -11?
1110001101111100
In base 2, what is 11 - 100001?
-11110
In base 5, what is 4 + -1221?
-1212
In base 16, what is 8f + 1?
90
In base 5, what is 114 - 1411?
-1242
In base 13, what is 48 - 6?
42
In base 14, what is 9 - -4?
d
In base 12, what is 7a - -25?
a3
In base 9, what is -3 + -52?
-55
In base 7, what is -25162 + -5?
-25200
In base 6, what is 1135 - -3?
1142
In base 11, what is -15141 + 2?
-1513a
In base 14, what is 1b8 + 1?
1b9
In base 2, what is -1010000001 + 101?
-1001111100
In base 16, what is 17 + 42a?
441
In base 13, what is 190 + 5?
195
In base 6, what is -53 - 2?
-55
In base 16, what is -2246 - -5?
-2241
In base 8, what is 71 + -5?
64
In base 13, what is b99 - -5?
ba1
In base 10, what is -2 - 101?
-103
In base 9, what is -3857 + 11?
-3846
In base 3, what is -2 - -10101021?
10101012
In base 16, what is -401 - 2?
-403
In ba